 21. Let o be b(11). Let d be (-7)/(-3) - o/(-15). Is d/(-5) + (-10014)/(-15) prime?
False
Suppose 4*k + 5 - 105 = 0. Let w(o) = -o**2 - o + o + 140 - k. Is w(0) composite?
True
Suppose 11883 - 4159 = 4*s. Is s composite?
False
Let j(q) = q**2 + 2*q + 8. Let i be j(8). Suppose -3*k + 12 - i = 2*g, 2*g = k - 92. Let p = 106 + g. Is p a composite number?
True
Suppose 218329 = 8*r - 96015. Is r composite?
False
Suppose 26 = -11*q - 18. Let o(z) = 18*z**2 + 8*z + 7. Is o(q) a composite number?
False
Suppose -5*p = l - 15, -6 = -5*l - p - 3. Suppose l = 5*b - 19338 + 2093. Is b prime?
True
Is (3/2)/((-6)/(-9332)) a prime number?
True
Let j be (0/(-2))/((-4)/(-4)). Let k be 6/(2/89 - j). Suppose 2*q = -3*z + 5*q + k, -q + 433 = 5*z. Is z a prime number?
False
Let a be (2 - 4)*7/(-14) - -2. Suppose j + 0*j = 3*x - 540, 0 = j + a. Is x a composite number?
False
Let q(k) = 14 - 13*k**2 - 2 + k**3 + 22*k**2 - 3*k + 4*k. Let s be q(-9). Let b = s - -34. Is b prime?
True
Suppose 0 = -11*h + 139297 + 94420. Is h prime?
True
Suppose 0 = 4*f + 5*j - 65276, 2*f - 4*j - 32638 = -8*j. Is f composite?
False
Suppose 29*o - 24*o = 7795. Is o a prime number?
True
Let p = -10 + 45. Let b = p - 29. Is (-3)/1 + b + 886 a prime number?
False
Suppose 5*z = 0, -2*i + 4*z - 674 + 88 = 0. Let p = i + 595. Is p prime?
False
Let c be (-1 - -6539)*12/7. Suppose x + c = 5*x - 5*r, 3*x - 8441 = -5*r. Is x a composite number?
True
Let g(t) = -t**3 - 5*t**2 - 5*t - 1. Let j be g(-4). Suppose 3*a = j + 12. Suppose -5*u + 52 = -3*b + 978, a*u + 5 = 0. Is b composite?
False
Let l(w) = 46*w - 1. Let h(c) = -45*c + 1. Let s(x) = 6*h(x) + 7*l(x). Let k be s(-2). Let g = 172 + k. Is g a composite number?
False
Let w be (-47)/(-9)*1 + 58/(-261). Suppose -w*v - 3522 = -11*v. Is v prime?
True
Suppose 0 = -5*w - 2832 - 2138. Let s be (-3)/(-9) - w/6. Suppose 0 = 4*y - 6*y + s. Is y a prime number?
True
Let n = -325 + 702. Let j = -129 + 207. Suppose 5*m - n - j = 0. Is m composite?
True
Let b(z) = -5*z - 7. Let n be b(-7). Let f = n + -22. Suppose 429 = f*x - 3*x. Is x a composite number?
True
Suppose x - 52 = -x. Suppose 5*l - a = x, 5*a - 3*a - 18 = -4*l. Suppose -20 = 4*t, 2*r + l*t + 486 = 2043. Is r prime?
False
Let u = -85 + 8. Let q = -24 + -19. Let f = q - u. Is f prime?
False
Let r = 65 - 59. Is -2 - (r/4 + 4200/(-16)) a composite number?
True
Let l = -94 + 52. Is (2*(-7)/l)/(1/2109) a composite number?
True
Let c(p) be the second derivative of -95*p**3/3 + 5*p**2/2 + 2*p. Is c(-11) composite?
True
Let y(i) = 3*i**2 + 16*i - 16. Let v be y(9). Suppose -v = -5*b + 804. Is b prime?
False
Let c(d) = 23*d**2 - 4*d. Let k be c(-9). Suppose -i + 4*i = k. Is i a composite number?
True
Suppose y - 1656 = w, -5*w + 6615 = 100*y - 96*y. Is y a prime number?
False
Let v = 303 + 503. Let r = v - 15. Is r a composite number?
True
Suppose 5*t - 20 = 0, -1118 = -d - 3*t + 2188. Let q = d - 1099. Is q prime?
False
Let q = 8379 + -5180. Is q composite?
True
Let v(a) = 425*a**2 - 5*a - 1. Let c be v(4). Suppose -h = -0*h - c. Is h a prime number?
True
Suppose 5*w - 25027 = 2*r - 4044, -4*w = -5*r - 16800. Is w a composite number?
True
Suppose 3*h + h = 1020. Is h - 7 - (-3 - 0) a composite number?
False
Suppose 0*b + 7 = -b + 2*o, 3*o = -5*b + 4. Is (-1228)/(-2)*b*(-3)/6 a prime number?
True
Let w = 456 - -389. Suppose -2*c - t + 1725 = 0, c + 0*c + 4*t = w. Is c prime?
False
Suppose 76*d + 368457 = 79*d - w, -4*d + w = -491276. Is d prime?
True
Suppose -275 = -3*t + 5*q, 4*q - 62 + 442 = 4*t. Suppose -t = -5*c + 3*u, 0 = 2*u - 4*u. Is 1/5 - (-7456)/c composite?
False
Let n(u) = u + 5. Let a be n(-3). Suppose 232 + 23 = a*j + f, 0 = -3*f + 3. Is j prime?
True
Suppose 0*p = 5*p - 160. Let o be (p - 2)*8/(-20). Let y(r) = -5*r - 9. Is y(o) prime?
False
Let p(z) = -4*z + 65. Let k be p(-8). Suppose 0 = 9*w - 8*w - k. Is w prime?
True
Let l = 649 - 230. Is l a prime number?
True
Let v(s) = -s**2 - 5*s - 9. Let n be v(-6). Let h(p) = -67*p + 3 + 1 + 66*p. Is h(n) a composite number?
False
Let p(s) = -11*s**3 + s**2 + 4. Let m be p(2). Is (-2514)/(-8) - (-20)/m a prime number?
False
Let w(r) = 206*r - 57. Is w(34) prime?
True
Suppose 0 = -28*m + 4211 + 186833. Is m composite?
False
Let c be (816/(-72))/(((-4)/2718)/1). Let f = -4324 + c. Is f a prime number?
False
Suppose -19 = 3*g + 5*p - 0, -p + 3 = 4*g. Is (-12914)/(-11)*(7/g - 0) a prime number?
False
Let w(o) = 6*o**2 + 19*o - 46. Is w(-19) a prime number?
True
Suppose -3*v + 45 = -4*n, -v - 2*v - 3*n = -24. Suppose -141 - v = -8*i. Is i composite?
False
Suppose 4*i + 16 = 0, 4*a = -2*i - 3*i + 15936. Is a prime?
True
Let b(v) = 2*v**3 - 9*v**3 - 14*v**2 + 15*v + 8*v**3 - 3*v**3 - 16. Is b(-11) composite?
False
Suppose 2*x + 10 = 0, -x = -2*f - 0 + 15. Let i = -5 - f. Is (-2)/((-4)/i)*-7 prime?
False
Suppose -3*c = 3*j - 3080 - 6814, -13198 = -4*j + 2*c. Is j composite?
False
Suppose 0 = -4*k + 54769 - 18333. Is k a composite number?
False
Suppose 5*z - 15 = -0*z. Let x(m) = m**3 - 2*m**z + 1257 + 508 - m + m**2 + 0*m**3. Is x(0) composite?
True
Let x = -135 + 192. Let m(h) = 64*h**2 - 4*h - 3. Let s be m(-2). Suppose -2*y + s = -x. Is y composite?
True
Let m = -959 - -577. Is (2 - 5)/(3/m) composite?
True
Suppose -138 = j - 1015. Is j a composite number?
False
Let r(q) = -4*q + 5*q - 15*q - 29*q - 19. Is r(-14) a composite number?
True
Suppose -2744 = -2*u + 4*o, -5955 - 890 = -5*u + 5*o. Is u a composite number?
True
Suppose -4*w + 646 = 2*k, 0 = -w - k - k + 163. Suppose -2536 = -5*b - w. Suppose -b = -5*x + 2*t, -t - 3*t = x - 117. Is x a composite number?
False
Let g = -1255 + 2828. Let j = g - 694. Suppose -n + j = 2*n. Is n composite?
False
Let g(h) = -32*h - 7. Suppose -m + r = 3, 3*r - 6*r = 12. Is g(m) prime?
False
Let j(d) = 41*d**2 + 41*d + 59. Is j(-24) a composite number?
False
Let r be (-6)/2*17104/(-24). Suppose -l = -4*u - 2801 + 7077, 2*u - r = 3*l. Is u prime?
True
Suppose 3*k + 7 = -8, z = -3*k - 8. Let c(b) = -b**3 + 7*b**2 + 4. Let w be c(z). Suppose 2*x = -j + w*j + 605, 0 = -x - 3*j + 316. Is x a composite number?
False
Let w(x) = -18*x + 7. Let q(d) = -19*d + 7. Let z(s) = 5*q(s) - 4*w(s). Is z(-8) composite?
False
Suppose -3*o + 27 = -48. Suppose 4*l + 9 = o. Suppose 0 = -l*a + 6*a - 174. Is a a prime number?
False
Suppose 31 = -2*s - 3*q, q - 13 = 5*s + 22. Let m be 4/(-3) + 10/(-15). Is (-141)/m*s/(-6) composite?
True
Suppose -4*m + 102 = 2*d, 2*d + 5*m - 61 = 40. Suppose -2*l - d = -5*r, 4*l + 10 = 3*r - 33. Let w(u) = u**3 - 8*u**2 - 6*u - 6. Is w(r) prime?
False
Suppose -5*c - 2*u + 11583 = 0, -4*u = -2*c - 8*u + 4630. Is c prime?
False
Let d = -3 + -1. Is 163/(0 + -3 - d) prime?
True
Suppose d + d = -2*t + 8, 16 = 3*t - d. Suppose -t*j + 64 = 4*h - 283, j = 3*h + 58. Is j a composite number?
False
Suppose 5*k = -0*k. Let f(j) = -5*j - 4 - 4*j + k. Is f(-7) composite?
False
Let h = 8341 + -5793. Suppose 2*f = 6*f - h. Suppose -2*v + f = -v + x, -4*v - 3*x + 2552 = 0. Is v a composite number?
False
Is 5498/(-6)*((-7 - -7) + -3) a prime number?
True
Suppose -l = 5*p - 54154, -4*p + 0*l = -3*l - 43327. Is p composite?
False
Let g(v) = -v**3 + 4*v + 12223. Is g(0) a composite number?
True
Suppose -15187 = -5*b - 9*l + 8*l, -2*b + 6066 = -4*l. Is b a prime number?
True
Is (-3)/6*(-3843 + -55) a prime number?
True
Suppose -3*j = j - 5*t - 416, 2*t = -2*j + 226. Is j composite?
False
Let n be (15/50*4)/(6/20). Is 10819/n + -4*(-7)/112 a composite number?
True
Let h(j) = 11*j**3 - j**2 - 2*j + 2. Let t be h(1). Is ((-12)/t)/((-8)/260*1) prime?
False
Is ((-427496)/6)/((-20)/15) a composite number?
False
Suppose 5 - 1 = n. Suppose -f + 4 = n*h - 3*f, -5*f = -h - 17. Suppose 0 = h*d - 73 - 308. Is d a composite number?
False
Let h(t) = 8*t. Let j be h(2). Let u = 23 - j. Suppose z + u*m = 2*m + 201, -4 = 2*m. Is z composite?
False
Suppose 62846 = z + 21232. Is z a composite number?
True
Suppose -26*h = 120454 - 1703048. Is h a prime number?
True
Suppose 5 = -s - 3*f - 3, 0 = -4*f - 16. Suppose b + s*b - u = 37, -4*b + 26 = -2*u. Is (2 - 16)*(-268)/b a prime number?
False
Let k(r) = r + 1. Let m(l) = 21*l + 1. Let o(g) = -2*k(g) + m(g). Let p(u) = -9*u. Let y(t) = -2*o(t) - 5*p(t). Is y(11) a composite number?
False
Suppose -z